4666051
What are the prime factors of 7514736074?
2, 3757368037
What are the prime factors of 297779798?
2, 103, 1445533
What are the prime factors of 236010870?
2, 3, 5, 2622343
List the prime factors of 1176758880.
2, 3, 5, 11, 20261
List the prime factors of 175466113.
97, 547, 3307
List the prime factors of 1977247491.
3, 659082497
What are the prime factors of 248852588?
2, 62213147
What are the prime factors of 127121719?
53, 2398523
List the prime factors of 41752804.
2, 19, 549379
List the prime factors of 207577191.
3, 17, 383, 10627
What are the prime factors of 877528775?
5, 19, 23, 47, 1709
List the prime factors of 4377623901.
3, 7, 43, 4847867
What are the prime factors of 1763668852?
2, 11, 40083383
List the prime factors of 2158644663.
3, 7, 19, 1803379
What are the prime factors of 2829077430?
2, 3, 5, 1151, 81931
List the prime factors of 740370399.
3, 246790133
List the prime factors of 13824708.
2, 3, 41, 28099
List the prime factors of 19242016.
2, 601313
What are the prime factors of 84025364?
2, 21006341
What are the prime factors of 2180959076?
2, 67, 691, 11777
List the prime factors of 217466863.
23, 269, 35149
What are the prime factors of 574429778?
2, 13, 1987, 11119
List the prime factors of 2063115498.
2, 3, 4273, 80471
List the prime factors of 267951388.
2, 66987847
What are the prime factors of 99978853?
13, 17, 452393
What are the prime factors of 449675336?
2, 11, 31, 164837
List the prime factors of 337472422.
2, 7, 23, 1048051
List the prime factors of 3168088584.
2, 3, 17, 397, 19559
List the prime factors of 89411645.
5, 3011, 5939
List the prime factors of 1088973806.
2, 544486903
List the prime factors of 2405520205.
5, 11, 23, 1901597
What are the prime factors of 6177774648?
2, 3, 29, 251, 35363
List the prime factors of 2654609379.
3, 97, 1009, 9041
What are the prime factors of 84629500?
2, 5, 169259
List the prime factors of 436432072.
2, 179, 304771
What are the prime factors of 6691235?
5, 1338247
What are the prime factors of 800351669?
13, 1997, 30829
What are the prime factors of 4327694982?
2, 3, 13, 263, 70321
List the prime factors of 279061557.
3, 93020519
What are the prime factors of 109524486?
2, 3, 1621, 11261
List the prime factors of 196425595.
5, 163, 241013
List the prime factors of 752276138.
2, 983, 382643
List the prime factors of 23285194.
2, 853, 13649
What are the prime factors of 73591991?
11, 199, 33619
List the prime factors of 1263724457.
971, 1301467
List the prime factors of 2464733824.
2, 7, 67, 41057
List the prime factors of 197738527.
7, 28248361
List the prime factors of 203532951.
3, 67844317
List the prime factors of 266780635.
5, 11, 4850557
What are the prime factors of 365109523?
59, 6188297
What are the prime factors of 159551603?
159551603
List the prime factors of 1448533599.
3, 103, 937, 5003
List the prime factors of 204118301.
204118301
What are the prime factors of 3924344?
2, 490543
What are the prime factors of 5473995?
3, 5, 19, 19207
List the prime factors of 2934064754.
2, 1467032377
List the prime factors of 1622607723.
3, 11, 101, 162277
List the prime factors of 31486323.
3, 11, 954131
What are the prime factors of 19232622?
2, 3, 71, 101, 149
What are the prime factors of 3057371918?
2, 1528685959
List the prime factors of 7621504440.
2, 3, 5, 11, 101, 5197
What are the prime factors of 58267799?
5683, 10253
What are the prime factors of 15884998?
2, 7942499
What are the prime factors of 1813884652?
2, 43, 10545841
What are the prime factors of 983739029?
7, 13, 251, 3313
What are the prime factors of 1097567245?
5, 23, 31, 307873
What are the prime factors of 1705333546?
2, 7, 17, 7165267
List the prime factors of 656667208.
2, 19, 223, 19373
What are the prime factors of 974135731?
2141, 454991
List the prime factors of 179207698.
2, 2539, 35291
List the prime factors of 1904176974.
2, 3, 7, 59, 71, 79, 137
What are the prime factors of 213345984?
2, 3, 19, 233, 251
List the prime factors of 3598989522.
2, 3, 17, 35284211
List the prime factors of 1916823530.
2, 5, 2297, 83449
What are the prime factors of 25779074?
2, 73, 317, 557
What are the prime factors of 6841573850?
2, 5, 136831477
What are the prime factors of 242936749?
11, 17, 47, 131, 211
List the prime factors of 14747836.
2, 71, 51929
List the prime factors of 680213697.
3, 5393, 42043
What are the prime factors of 39796503?
3, 59, 151, 1489
List the prime factors of 4861271530.
2, 5, 486127153
List the prime factors of 3915201010.
2, 5, 7, 2221, 25183
What are the prime factors of 27134899?
11, 227, 10867
What are the prime factors of 1503517176?
2, 3, 7, 23, 2647
What are the prime factors of 37363622?
2, 53, 67, 5261
List the prime factors of 41206889.
101, 163, 2503
What are the prime factors of 1063119760?
2, 5, 3449, 3853
List the prime factors of 81455454.
2, 3, 4525303
What are the prime factors of 644739359?
11, 7333, 7993
What are the prime factors of 2932194371?
487, 6020933
List the prime factors of 1294147701.
3, 7, 11, 401, 4657
What are the prime factors of 138744934?
2, 71, 431, 2267
What are the prime factors of 57414724?
2, 1879, 7639
What are the prime factors of 16797390?
2, 3, 5, 559913
List the prime factors of 66098744.
2, 8262343
What are the prime factors of 68476795?
5, 53, 258403
What are the prime factors of 18794553?
3, 19, 329729
What are the prime factors of 30974114?
2, 3527, 4391
What are the prime factors of 697387444?
2, 13, 13411297
List the prime factors of 506792547.
3, 197, 285839
What are the prime factors of 515341319?
515341319
What are the prime factors of 156973853?
1973, 79561
What are the prime factors of 798500980?
2, 5, 61, 654509
List the prime factors of 172737386.
2, 37, 103, 131, 173
What are the prime factors of 1852309247?
24151, 76697
What are the prime factors of 67447918?
2, 397, 84947
List the prime factors of 143516749.
143516749
List the prime factors of 579553849.
7, 89, 179, 5197
What are the prime factors of 4436170769?
131, 33863899
List the prime factors of 16167884.
2, 17, 237763
List the prime factors of 70301590.
2, 5, 7030159
List the prime factors of 1850799514.
2, 73, 881, 14389
List the prime factors of 469774486.
2, 1721, 136483
List the prime factors of 400857109.
293, 389, 3517
List the prime factors of 1007694273.
3, 335898091
What are the prime factors of 106376143?
173, 607, 1013
List the prime factors of 44886311.
977, 45943
What are the prime factors of 3097017437?
3097017437
List the prime factors of 11611199.
11611199
What are the prime factors of 209431349?
209431349
List the prime factors of 109566676.
2, 27391669
List the prime factors of 173055843.
3, 2383, 8069
List the prime factors of 4582469311.
7, 293, 2234261
What are the prime factors of 1328125588?
2, 332031397
List the prime factors of 788674472.
2, 17, 31, 187067
List the prime factors of 361631444.
2, 90407861
What are the prime factors of 637771789?
637771789
List the prime factors of 231743757.
3, 7, 11035417
What are the prime factors of 428966918?
2, 1699, 126241
What are the prime factors of 288524374?
2, 17, 23, 368957
List the prime factors of 5441697052.
2, 11, 19, 23, 283009
List the prime factors of 48466080.
2, 3, 5, 13, 863
What are the prime factors of 39035103?
3, 2099, 6199
List the prime factors of 511071363.
3, 11, 31, 18503
List the prime factors of 387502733.
47, 8244739
What are the prime factors of 2721716888?
2, 11, 2811691
What are the prime factors of 28831894?
2, 7, 13, 53, 61
List the prime factors of 167225553.
3, 11, 73, 857
List the prime factors of 8278334.
2, 197, 21011
List the prime factors of 27313158.
2, 3, 4552193
List the prime factors of 261355682.
2, 7, 18668263
List the prime factors of 34830487.
23, 53, 28573
What are the prime factors of 2284568?
2, 11, 13, 1997
List the prime factors of 41403211.
17, 227, 10729
What are the prime factors of 311494996?
2, 8273, 9413
What are the prime factors of 70004645?
5, 19, 43, 17137
What are the prime factors of 5204835390?
2, 3, 5, 173494513
What are the prime factors of 19710247?
311, 63377
What are the prime factors of 125774645?
5, 293, 85853
What are the prime factors of 120367765?
5, 7, 491297
What are the prime factors of 410695589?
41069558